What is (3 + 0 - -3) + (-3 - -3)?
6
1 - (1 + 1) - -2
1
Calculate 2 - (3 - 6 - -6).
-1
What is 22 + -24 - (-1 - (2 + -2))?
-1
What is 2 - 4 - -3 - (11 + -13)?
3
What is the value of (0 - 6 - (1 + 2)) + 4?
-5
5 + 1 - (26 - 19)
-1
What is -1 + (-3 - 0) + 2 + -1?
-3
What is the value of 28 - 40 - (-14 - -4)?
-2
-6 + 2 + 1 + 3
0
Evaluate 18 + -21 - (5 - -1).
-9
Calculate 3 - -1 - (-9 - -1 - -14).
-2
Evaluate (-1 - -6) + -2 + 2 + -10.
-5
What is (-14 - -11) + 0 + -3?
-6
(-3 - 2 - -1) + 2
-2
Evaluate (1 - 8) + (32 - 28).
-3
Evaluate 1 + -2 - 1 - (-12 + 13).
-3
-43 + 37 - (0 + 3 + 0)
-9
Calculate -1 + 6 + (-1 - 3).
1
Evaluate (-5 - -6) + (2 - 0) + 4.
7
-3 + (4 - 2) + 4 + 0
3
Evaluate 0 + 0 + 23 + -4 + -22.
-3
What is the value of -17 + (5 - -4 - 6 - -5)?
-9
What is 5 - -6 - 16 - (-1 - 4)?
0
Calculate 19 + -15 + 0 + 2.
6
Calculate 1 + (-1 + -8 + 4 - -8).
4
Calculate -202 + 203 + (-3 - -1).
-1
-2 + 2 + 1 + 7
8
(2 - 2) + 2 + 8 + -6
4
Calculate 7 + -23 + 7 + 12.
3
(5 - 0) + -2 + -39 + 33
-3
What is 0 - (-4 - (-5 + 3))?
2
What is (2 - (-1 + 2)) + 1 + 2?
4
Calculate -6 - -2 - (0 + -2).
-2
Evaluate -1 + -11 - (3 - 6).
-9
4 + 6 - (12 + -3 + -4)
5
1 + 1 + (-12 - -5)
-5
What is 1 + 6 + -12 - -2 - -1?
-2
Evaluate (-2 - -6) + (6 - (19 - 7)).
-2
Evaluate 4 - 1 - (6 + -7) - 0.
4
Evaluate (8 - 14) + 13 + -6.
1
What is the value of (-2 - 1) + 1 - -1 - -1?
0
What is (-1 - 5) + 6 - 3?
-3
Evaluate 10 + -10 + 6 - 8.
-2
What is the value of -5 - (-2 + (-10 - -1))?
6
What is (0 - -2) + 2 + -2?
2
Calculate 0 - 0 - -2 - (-8 - -13).
-3
Evaluate -4 - (4 + -3 + -8) - 1.
2
Calculate 1 + 3 + -4 + -2 + -2.
-4
What is (1 + -1 - -3) + (-14 - -6)?
-5
What is 2 + (-4 - (1 + -2)) - 0?
-1
1 + (0 - (-7 + 2) - 13)
-7
Calculate 7 + (12 + (-1 - 4) - 7).
7
-2 - 0 - (-9 - -5) - 7
-5
What is (-3 - 0) + (3 + -4 - -2)?
-2
Calculate -2 - (5 + 5 + -6 - 4).
-2
What is (33 + -21 - (3 - -1)) + -9?
-1
Calculate (-9 - (-30 + 10)) + -19.
-8
Calculate -6 + (4 - -4) + -2.
0
0 + -6 - ((9 - 10) + -11)
6
Evaluate -5 + (-5 - -1 - (-12 - -12)).
-9
What is 65 - 72 - (-2 - 9)?
4
Calculate (3 - 1) + 1 + -9 + 7.
1
What is -10 + -1 + 3 + 2 + 1?
-5
What is 15 + 0 - (-59 + 67)?
7
What is 7 + -3 + (-4 - -3)?
3
Evaluate -7 + -3 + 6 + 9 + -1.
4
(0 - 3) + (-4 - -4 - 1)
-4
What is the value of 9 + (-8 - 0) - -9?
10
Evaluate (-1 - ((4 - 2) + -5)) + 1.
3
Calculate 130 + -117 + (-12 - -2).
3
Calculate (-3 + 2 + 3 - 3) + 6.
5
What is the value of -4 + (0 - 0 - -1)?
-3
What is (-10 - (0 + -5)) + 5?
0
0 - ((-1 - (1 + -1)) + -4)
5
What is -9 + -10 + 24 - 14?
-9
Evaluate -15 - -13 - (-2 + -1).
1
What is -4 + -4 + 12 - 10?
-6
Calculate -1 - (-8 - (0 + -1)).
6
What is (6 + -3 + -2 - -5) + 1?
7
Calculate -1 + (-2 + 7 - 4) + -4.
-4
What is 2 + 1 - (10 + 1 + -13)?
5
Evaluate 2 + 6 + -6 + -2.
0
(-6 - (-11 - -9)) + (1 - -1)
-2
Evaluate 40 + -47 - (-4 - (4 + -11)).
-10
What is 7 + -1 + (0 - 7 - -3)?
2
Calculate 11 + (-10 - 0) + -2 + 0.
-1
What is the value of 1 - 2 - (10 - (1 + 4))?
-6
What is the value of -6 - (-1 - (4 - -3))?
2
What is 9 + -1 + -1 - 3?
4
What is the value of (7 + -6 - -1) + -5?
-3
What is the value of -3 + (-13 - -6) + 1 + 6?
-3
What is the value of 4 - (-4 + -4 + 16)?
-4
What is 4 - (2 - (-8 - -3))?
-3
What is (-8 - (2 - 3)) + -1 + 9?
1
What is the value of (1 - 1 - (-2 + 1)) + -6?
-5
(3 - -2) + -8 + 3
0
What is 0 + -1 + (-6 + 12 - 6)?
-1
Calculate 11 - (-5 + 5 + 1 + 5).
5
Evaluate -1 - (0 + (3 - (2 + -1))).
-3
What is -1 - (5 + -2 + -6) - 4?
-2
What is the value of (24 - 20) + (-5 - 1)?
-2
Calculate 7 + (4 - 1) - (4 - -1).
5
What is (-3 - (0 - 0)) + -2?
-5
Calculate 0 + (2 - -2 - 8 - -5).
1
Evaluate -16 + 2 - (12 - 22).
-4
Calculate 6 + -1 + (-12 - -8).
1
What is 4 - (4 + -9 + 5)?
4
What is the value of 0 - 0 - (8 - 8)?
0
-7 - ((-1 - -3) + -3)
-6
What is (-4 + 4 - -3) + -6?
-3
What is the value of 1 - -2 - (-5 + (-10 - -11))?
7
What is -1 + 4 - (-2 - -17) - -6?
-6
Evaluate 1 + -2 + 16 + -13.
2
4 + 2 + -1 + -11
-6
Calculate (-9 - -4) + -2 + 7 + 3.
3
What is 3 + -2 - 5 - (1 - 0)?
-5
What is the value of (-2 - (-4 - -6)) + -2 - -1?
-5
Evaluate 0 - -5 - (-5 + 15).
-5
Calculate (-11 - -10) + 1 + -6.
-6
(2 - 3) + -2 + -2 + 2
-3
Calculate (1 + (3 - 5) - -3) + -6.
-4
-2 + (10 - 4) - 0
4
What is the value of -7 - ((-6 - 0) + -7)?
6
Evaluate -3 + 1 - (5 - (12 - 7)).
-2
Evaluate (4 + -11 - -4) + 9.
6
Evaluate (-6 - -11) + -7 + -2 + 7.
3
17 + -4 + -3 + -8
2
Evaluate -4 + 3 + 0 + 2.
1
What is 2 + -3 - (-3 + 4 - 7)?
5
What is the value of -7 - ((3 - (5 - 0)) + -3)?
-2
Calculate 1 + 5 + -7 + (0 - 8).
-9
Calculate -4 + (7 + -1 - (-2 + -3)).
7
What is the value of 2 + (-9 - -15 - (8 - 8))?
8
What is the value of 9 - (4 + 10 + -8 + -5)?
8
What is the value of -1 + 2 + -1 + (-30 - -37)?
7
What is the value of 0 - -1 - (37 - 42)?
6
What is -1 + (-9 - -18) - 4?
4
Calculate -4 + (4 - 3) + (1 - -2).
0
What is -3 - (5 - (-2 + 10))?
0
Evaluate 2 - (0 + -2 + 5).
-1
What is 8 - (3 - 0) - 4?
1
(5 - (3 + 1)) + (-2 - -1)
0
What is -12 + (-4 - (-1 - 11))?
-4
Calculate (8 - (4 + -1)) + (5 - 10).
0
Calculate 48 - 45 - (-3 - (-1 - -1)).
6
Evaluate -1 + 11 + (5 - 22).
-7
What is (-16 - -17) + 1 + -2?
0
Evaluate 57 + -53 - (1 + 8).
-5
Calculate -12 + -3 - -8 - -6.
-1
What is the value of 1 + 3 - (22 + -13)?
-5
-5 + 8 + (1 - -1)
5
What is -2 - ((-1 - 0) + 5 - 3)?
-3
Calculate 4 + -7 - (-1 + -7).
5
9 + (10 + -6 - (10 + -2))
5
What is the value of 2 + -4 - (3 + -12)?
7
Evaluate 10 - 5 - 19 - -18.
4
Calculate -4 + (0 - 0) + -19 + 23.
0
7 - (-5 - -10 - 3)
5
Calculate -2 + -12 + -11 + 18.
-7
Evaluate 15 + -12 - (9 - (2 - 2)).
-6
What is the value of -15 - (7 + -21) - (6 - 1)?
-6
(-2 - -1) + 4 + 9 + -11
1
(0 + (-4 - 0) - -2) + -7
-9
What is 0 + 3 + 4 + (-2 - 1)?
4
0 - 3 - (-2 + 2 + 0)
-3
1 - (-5 + 5 + -1)
2
What is 8 + -8 + 3 + -1?
2
Calculate 6 + (-7 - -2) + -10.
-9
What is -2 - ((2 - 4) + -1 + 0)?
1
What is the value of 5 + 4 + -2 + -5?
2
What is the value of 0 + 5 - 3 - 5 - 4?
-7
What is -7 - ((4 - 3) + -6)?
-2
-5 + 7 + -5 - 2
-5
Evaluate 3 - 0 - (1 + -2) - 1.
3
Evaluate (-9 - -4 - -1) + 7.
3
(3 - 1 - 2) + -7
-7
What is the value of (4 - (-5 - -13)) + (0 - 2)?
-6
What is the value of 0 - 0 - (23 - 26)?
3
Evaluate 1 + 3 - (-61 + 68).
-3
Evaluate -2 - -3 - 4 - (-1 + -7).
5
Evaluate 5 - (2 - (4 + -2)).
5
What is the value of 5 + 1 - (11 + -10)?
5
What is the value of (4 + -2 - -2) + -8 - 2?
-6
Evaluate 3 + 1 - (4 + -2).
2
Calculate 1 - (-1 + 3) - -1.
0
Evaluate -3 - (-1 + -6) - 2 - -3.
5
What is the value of 0 + 0 + (-19 - (-25 + 12))?
-6
What is (-33 - -24) + 4 + 1?
-4
What is 5 + -1 - (3 - (4 + -4))?
1
Evaluate (5 - 3) + 5 - 6.
1
5 - 5 - (0 + 3 + 0)
-3
Calculate 3 + 0 + 2 - 3.
2
Evaluate 6 - (3 + 13 + -8).
-2
Evaluate 0 + -3 + (-18 - -27).
6
What is the value of 0 - -8 - (-68 + 75)?
1
What is the value of (-2 - 3) + 3 - -2?
0
Calculate -2 + 2 + (52 - 33) - 8.
11
Calculate (3 - 7) + 0 + 10 + -1.
5
Calculate 3 + -5 + (-1 - -3).
0
Calculate 0 - -6 - (11 - 9 - 1).
5
-3 + (-3 - (2 + -3)) - 0
-5
Calculate 4 + (7 + -8 - (-2 - -7)).
-2
5 + -2 + -9 + (0 - 1)
-7
Calculate 4 - (8 + 0 + -2).
-2
Evaluate -3 + (-6 + 5 - 0 - -10).
6
What is the value of 2 + 3 - (3 + (11 - 8))?
-1
What is the value of 0 + 4 + -4 + 6 + -3?
3
-8 + 2 + (9 - -4 - 1)
6
Evaluate 5 + -4 + 0 + -1 + -4.
-4
Calculate -1 + -3 + (2 - (-5 - -2)).
1
Evaluate (-5 - 0) + -6 + 13.
2
Evaluate -2 - (-3 - (10 + -6)).
5
Calculate 1 - (2 - ((0 - -2) + -2)).
-1
What is -4 - (-3 - ((2 - -4) + 1))?
6
Evaluate 3 - (-1 + 0 + 0 + 3).
1
Calculate 0 + (0 - 1 - 2 - -5).
2
Evaluate -13 + 0 + 7 - -6.
0
What is the value of 5 - (7 + -5 + 9)?
-6
1 + -3 - (17 - 27)
8
Evaluate (-22 - -13 - -4) + 0 + 3.
-2
-4 + (-6 - -5 - -11 - 3)
3
Evaluate 10 - (-8 - 3 - -13).
8
Calculate (-5 - -5 - -3) + -6.
-3
Evaluate 6 - (2 + (-3 - (3 - 5))).
5
-3 + 5 + -2 - 2
-2
-1 + (0 - 1) - (-54 + 56)
-4
What is -3 - (-6 - 3 - -2)?
4
Calculate -1 + -21 + 13 - (-2 + -4).
-3
Evaluate -11 - -12 - (-1 + 3).
-1
-40 - -37 - (1 + 1)
-5
Evaluate 2 + -3 - (2 + -1).
-2
What is the value of (-22 - -11) + (7 - 3) - -2?
-5
What is -3 - (-6 + (2 + -7 - -12))?
-4
Calculate -8 + -8 + (3 - -9) - 6.
-10
-16 + (9 - 1) - -8
0
Calculate -37 + 27 - (1 + -2).
-9
What is -13 - (0 - 14) - (3 - 8)?
6
What is the value of (11 - 5) + -12 + 0?
-6
What is the value of -3 + (